me factors of 463922.
2, 231961
List the prime factors of 190364.
2, 47591
List the prime factors of 10929934.
2, 5464967
List the prime factors of 543948.
2, 3, 45329
List the prime factors of 16668576.
2, 3, 31, 1867
What are the prime factors of 3006901?
3006901
List the prime factors of 3555386.
2, 23, 77291
What are the prime factors of 4050819?
3, 19, 23689
List the prime factors of 952035.
3, 5, 7, 9067
List the prime factors of 16708924.
2, 4177231
What are the prime factors of 931538?
2, 29, 16061
List the prime factors of 131354.
2, 65677
List the prime factors of 14368062.
2, 3, 37, 61, 1061
List the prime factors of 42979.
42979
List the prime factors of 32640.
2, 3, 5, 17
List the prime factors of 3666742.
2, 31, 59141
List the prime factors of 2453905.
5, 271, 1811
What are the prime factors of 480667?
11, 37, 1181
What are the prime factors of 3680949?
3, 1226983
List the prime factors of 6843338.
2, 3421669
What are the prime factors of 915872?
2, 28621
List the prime factors of 126505.
5, 25301
What are the prime factors of 36242?
2, 18121
List the prime factors of 693843.
3, 41, 5641
What are the prime factors of 54317?
29, 1873
List the prime factors of 42679.
7, 13, 67
What are the prime factors of 434930?
2, 5, 23, 31, 61
What are the prime factors of 1564979?
13, 120383
List the prime factors of 11838554.
2, 7, 13, 29, 2243
List the prime factors of 1702454.
2, 13, 65479
List the prime factors of 68205.
3, 5, 4547
List the prime factors of 2174181.
3, 17, 89, 479
What are the prime factors of 253388?
2, 63347
List the prime factors of 337975.
5, 11, 1229
What are the prime factors of 14654954?
2, 97, 75541
List the prime factors of 595482.
2, 3, 61, 1627
What are the prime factors of 13862345?
5, 7, 59, 137
What are the prime factors of 741115?
5, 17, 8719
What are the prime factors of 4365591?
3, 1455197
What are the prime factors of 29513515?
5, 5902703
What are the prime factors of 1212761?
11, 110251
What are the prime factors of 8663491?
71, 122021
What are the prime factors of 552888?
2, 3, 7, 1097
List the prime factors of 17313682.
2, 103, 84047
List the prime factors of 4457360.
2, 5, 55717
What are the prime factors of 1015174?
2, 23, 29, 761
What are the prime factors of 2642294?
2, 191, 6917
List the prime factors of 464013.
3, 11, 43, 109
What are the prime factors of 948458?
2, 7, 37, 1831
What are the prime factors of 5106863?
59, 101, 857
What are the prime factors of 297363?
3, 11, 9011
What are the prime factors of 900276?
2, 3, 13, 29, 199
List the prime factors of 9939605.
5, 13, 29, 5273
List the prime factors of 194272.
2, 13, 467
What are the prime factors of 1500747?
3, 500249
List the prime factors of 14528656.
2, 908041
List the prime factors of 7469502.
2, 3, 53, 83, 283
What are the prime factors of 7452993?
3, 2484331
List the prime factors of 18890988.
2, 3, 1574249
List the prime factors of 2765150.
2, 5, 29, 1907
List the prime factors of 1270408.
2, 379, 419
What are the prime factors of 6637771?
7, 948253
List the prime factors of 113478.
2, 3, 18913
What are the prime factors of 270621?
3, 13, 257
List the prime factors of 27418455.
3, 5, 283, 2153
What are the prime factors of 744043?
744043
List the prime factors of 657432.
2, 3, 23, 397
List the prime factors of 544769.
89, 6121
What are the prime factors of 9796279?
31, 251, 1259
What are the prime factors of 2791491?
3, 877, 1061
What are the prime factors of 197143?
137, 1439
What are the prime factors of 3102583?
11, 282053
What are the prime factors of 194520?
2, 3, 5, 1621
List the prime factors of 162723.
3, 11, 4931
What are the prime factors of 719673?
3, 41, 5851
List the prime factors of 154732.
2, 101, 383
List the prime factors of 2026954.
2, 1013477
List the prime factors of 935396.
2, 7, 11, 3037
List the prime factors of 9059776.
2, 11, 17, 757
What are the prime factors of 2950768?
2, 311, 593
What are the prime factors of 993035?
5, 19, 10453
List the prime factors of 76248.
2, 3, 353
What are the prime factors of 654685?
5, 127, 1031
What are the prime factors of 12537261?
3, 11, 14071
List the prime factors of 10322326.
2, 7, 737309
List the prime factors of 469597.
29, 16193
List the prime factors of 1112820.
2, 3, 5, 17, 1091
List the prime factors of 117841.
117841
What are the prime factors of 18932816?
2, 7, 19, 31, 41
What are the prime factors of 498037?
139, 3583
List the prime factors of 2460593.
2460593
What are the prime factors of 7699940?
2, 5, 19, 23, 881
List the prime factors of 11045014.
2, 23, 240109
List the prime factors of 1105129.
59, 18731
What are the prime factors of 7696?
2, 13, 37
List the prime factors of 93378.
2, 3, 79, 197
List the prime factors of 741366.
2, 3, 13729
What are the prime factors of 259688?
2, 11, 13, 227
List the prime factors of 320159.
7, 45737
List the prime factors of 1568950.
2, 5, 31379
What are the prime factors of 315729?
3, 35081
List the prime factors of 280188.
2, 3, 43, 181
List the prime factors of 433600.
2, 5, 271
What are the prime factors of 18050529?
3, 7, 167, 5147
List the prime factors of 680547.
3, 7, 23, 1409
List the prime factors of 1157953.
1157953
List the prime factors of 116938.
2, 59, 991
List the prime factors of 5596287.
3, 37, 50417
What are the prime factors of 6407894?
2, 149, 21503
What are the prime factors of 67763?
67763
List the prime factors of 4694537.
167, 28111
What are the prime factors of 1641602?
2, 23, 127, 281
What are the prime factors of 6858248?
2, 857281
List the prime factors of 2519989.
19, 132631
What are the prime factors of 45437?
7, 6491
List the prime factors of 16234634.
2, 13, 83, 7523
What are the prime factors of 11324043?
3, 46601
List the prime factors of 28885590.
2, 3, 5, 139, 2309
List the prime factors of 8211174.
2, 3, 1368529
What are the prime factors of 1196411?
19, 62969
What are the prime factors of 1216806?
2, 3, 139, 1459
What are the prime factors of 858000?
2, 3, 5, 11, 13
List the prime factors of 1100922.
2, 3, 183487
What are the prime factors of 12258183?
3, 7, 83389
What are the prime factors of 45352?
2, 5669
What are the prime factors of 665634?
2, 3, 110939
What are the prime factors of 18761462?
2, 9380731
What are the prime factors of 872790?
2, 3, 5, 47, 619
What are the prime factors of 446072?
2, 11, 37, 137
What are the prime factors of 1421973?
3, 7, 22571
What are the prime factors of 475064?
2, 43, 1381
What are the prime factors of 437358?
2, 3, 72893
What are the prime factors of 2218021?
13, 61, 2797
What are the prime factors of 1851902?
2, 13, 5479
What are the prime factors of 891099?
3, 11, 9001
List the prime factors of 435519.
3, 7, 31, 223
What are the prime factors of 1411783?
1411783
List the prime factors of 10344581.
13, 795737
List the prime factors of 5905002.
2, 3, 984167
What are the prime factors of 3266700?
2, 3, 5, 10889
What are the prime factors of 27109566?
2, 3, 11, 461
List the prime factors of 512569.
512569
What are the prime factors of 98636?
2, 24659
What are the prime factors of 11426298?
2, 3, 13, 263, 557
What are the prime factors of 1581046?
2, 790523
What are the prime factors of 310882?
2, 11, 13, 1087
List the prime factors of 44152.
2, 5519
List the prime factors of 1323311.
11, 59, 2039
List the prime factors of 4184748.
2, 3, 116243
List the prime factors of 56828.
2, 14207
What are the prime factors of 14657076?
2, 3, 7, 1187
List the prime factors of 60161.
60161
What are the prime factors of 1217271?
3, 11, 36887
What are the prime factors of 201373?
349, 577
What are the prime factors of 17055522?
2, 3, 11, 17, 563
List the prime factors of 13027869.
3, 853, 1697
What are the prime factors of 379501?
379501
List the prime factors of 21187868.
2, 13, 2411
What are the prime factors of 800002?
2, 7, 57143
List the prime factors of 16791394.
2, 1163, 7219
List the prime factors of 857788.
2, 131, 1637
List the prime factors of 1189332.
2, 3, 33037
List the prime factors of 242839.
19, 12781
What are the prime factors of 7363191?
3, 11, 43, 5189
List the prime factors of 286111.
7, 5839
What are the prime factors of 392648?
2, 49081
What are the prime factors of 66999?
3, 23, 971
List the prime factors of 1956593.
79, 24767
List